est common divisor of 7878 and 19287768.
606
Calculate the highest common factor of 4694645 and 6210.
115
What is the greatest common divisor of 17518 and 4085836?
38
Calculate the highest common divisor of 276 and 126154011.
69
What is the highest common divisor of 631980486 and 554?
554
Calculate the highest common divisor of 6 and 3859629.
3
What is the greatest common factor of 268 and 37719258?
134
Calculate the highest common factor of 3082 and 411516.
46
Calculate the greatest common factor of 5805 and 3952514205.
5805
Calculate the greatest common divisor of 20496 and 3311.
7
Calculate the highest common divisor of 282 and 85590525.
141
Calculate the greatest common factor of 13144892 and 8828.
8828
Calculate the greatest common factor of 360 and 185332740.
60
What is the greatest common factor of 161395 and 2085?
5
What is the highest common factor of 30131801 and 317?
317
Calculate the greatest common factor of 102304640 and 17680.
1360
Calculate the highest common factor of 304668 and 4735808.
868
Calculate the greatest common factor of 76 and 829350931.
19
What is the greatest common divisor of 128584956 and 906?
906
Calculate the greatest common factor of 1825170 and 19920.
2490
Calculate the highest common divisor of 39666 and 2387.
11
What is the highest common factor of 2340 and 159004440?
180
Calculate the highest common divisor of 4752144 and 1941264.
8784
Calculate the highest common factor of 377542872 and 9.
9
What is the highest common factor of 1782 and 279554?
22
What is the highest common factor of 1222257 and 14884?
61
What is the highest common factor of 918 and 40679487?
153
What is the highest common divisor of 29041 and 1048817?
257
Calculate the highest common divisor of 525892380 and 1742.
1742
What is the greatest common divisor of 3450 and 61950?
150
Calculate the highest common factor of 11755954 and 5229.
581
Calculate the greatest common divisor of 30029217 and 477.
159
Calculate the highest common divisor of 11532 and 6324.
372
Calculate the greatest common divisor of 298 and 9483701.
149
Calculate the highest common factor of 23696558 and 4952.
1238
What is the greatest common divisor of 116415 and 50805?
45
Calculate the greatest common factor of 8 and 23235076.
4
What is the greatest common divisor of 30727050 and 17775?
5925
What is the greatest common factor of 461252 and 2458740?
3812
What is the greatest common factor of 1545479 and 59033?
247
What is the highest common divisor of 88347714 and 28329?
1491
What is the highest common factor of 34 and 59487012?
34
Calculate the highest common divisor of 149487952 and 111166.
10106
Calculate the greatest common factor of 6342 and 71510278.
2114
Calculate the highest common divisor of 127789370 and 290.
290
What is the highest common divisor of 2464 and 9574908?
28
Calculate the highest common factor of 990 and 28133160.
330
Calculate the highest common factor of 986 and 6078554.
34
What is the greatest common divisor of 3773 and 16930529?
539
What is the highest common divisor of 2190 and 607680?
30
What is the highest common divisor of 7289073 and 1224?
153
Calculate the greatest common factor of 852578 and 115326.
298
What is the highest common divisor of 182268 and 40626?
1098
What is the highest common factor of 1526 and 145450690?
1526
What is the highest common divisor of 1809 and 2048625?
27
What is the greatest common factor of 36 and 298074148?
4
What is the greatest common factor of 282204 and 3060694?
1742
What is the highest common divisor of 22176 and 6778296?
504
What is the highest common divisor of 691947328 and 5984?
544
Calculate the highest common divisor of 249434 and 84.
2
Calculate the greatest common divisor of 92820 and 89930.
170
Calculate the highest common divisor of 6112 and 3956756.
764
Calculate the highest common divisor of 318 and 2644.
2
What is the greatest common factor of 15416863 and 76741?
4039
What is the highest common factor of 2656 and 2668320?
32
What is the greatest common divisor of 315152848 and 304?
304
What is the highest common factor of 24 and 803088?
24
Calculate the greatest common factor of 1806 and 35672112.
1806
Calculate the highest common divisor of 1405 and 181211561.
281
What is the greatest common factor of 15989 and 161778?
59
Calculate the highest common factor of 195944001 and 231.
33
What is the greatest common factor of 5174 and 204310912?
5174
Calculate the highest common divisor of 3938 and 146960.
22
What is the greatest common divisor of 591666 and 119226?
186
Calculate the greatest common factor of 606052 and 373634.
2942
What is the greatest common divisor of 40866 and 7572?
6
What is the highest common factor of 182096 and 240?
16
What is the greatest common factor of 33700509 and 513?
513
What is the greatest common divisor of 1054970 and 17710?
70
What is the highest common factor of 650665 and 687015?
3635
What is the highest common factor of 1419988 and 4?
4
Calculate the greatest common factor of 14693104 and 16.
16
Calculate the greatest common factor of 157273246 and 26.
26
What is the highest common factor of 15374378 and 926?
926
Calculate the greatest common divisor of 10855 and 1767610.
65
What is the highest common factor of 5290 and 36202?
46
Calculate the greatest common divisor of 56809443 and 213.
213
What is the highest common divisor of 8768664 and 24?
24
Calculate the greatest common factor of 5163518 and 10138844.
11762
Calculate the highest common divisor of 36816 and 32919168.
2832
Calculate the highest common factor of 10665 and 93299.
79
What is the greatest common factor of 235 and 371958?
47
What is the highest common factor of 12806391 and 13?
13
Calculate the highest common factor of 411975 and 14625.
225
Calculate the greatest common divisor of 1813 and 2158597.
49
What is the highest common factor of 18980 and 380?
20
Calculate the greatest common factor of 3136 and 32534432.
1568
Calculate the highest common divisor of 976188 and 10.
2
Calculate the greatest common divisor of 4250488 and 1694926.
8782
What is the greatest common divisor of 44 and 857313490?
22
Calculate the greatest common divisor of 66366 and 16366593.
3687
What is the highest common factor of 3979 and 1772731?
173
What is the greatest common factor of 141 and 342924?
3
What is the greatest common divisor of 13048 and 92610?
14
Calculate the greatest common divisor of 24 and 28211118.
6
What is the greatest common divisor of 38 and 320105293?
19
What is the highest common factor of 1841058 and 151938?
414
Calculate the highest common factor of 1930204 and 32.
4
What is the greatest common factor of 7140 and 35?
35
What is the greatest common factor of 1617084 and 42964?
92
Calculate the highest common divisor of 1231806 and 10323462.
5154
Calculate the greatest common divisor of 5984 and 672100.
44
What is the highest common divisor of 423463583 and 5602?
2801
What is the highest common factor of 104730746 and 2740?
274
Calculate the greatest common factor of 993511 and 20126.
29
Calculate the highest common factor of 16194230 and 96148.
1118
Calculate the highest common factor of 142738 and 12374.
46
Calculate the highest common divisor of 189637912 and 1376.
344
What is the highest common factor of 2698 and 49884671?
1349
What is the highest common factor of 866 and 551356220?
866
What is the greatest common factor of 245798 and 1338314?
362
Calculate the greatest common factor of 249632435 and 580.
145
What is the greatest common divisor of 11026 and 2294?
74
What is the highest common divisor of 344 and 213366?
86
What is the greatest common factor of 21929877 and 9?
9
Calculate the highest common divisor of 3888 and 21333.
3
Calculate the highest common divisor of 41226874 and 1293.
431
What is the greatest common factor of 719 and 16687271?
719
What is the greatest common divisor of 225195434 and 166?
166
Calculate the highest common factor of 65926 and 136.
34
Calculate the highest common divisor of 603992 and 649438.
1466
What is the highest common factor of 4355807 and 76?
19
Calculate the highest common factor of 1563765 and 4305.
105
What is the highest common divisor of 136000 and 48970?
10
Calculate the greatest common divisor of 331 and 1061787427.
331
Calculate the